s divided by 297?
294
Calculate the remainder when 163358215 is divided by 213.
208
Calculate the remainder when 469897 is divided by 50.
47
What is the remainder when 130753 is divided by 4358?
13
Calculate the remainder when 80702 is divided by 26358.
1628
What is the remainder when 1104633 is divided by 552301?
31
Calculate the remainder when 111475 is divided by 2538.
2341
Calculate the remainder when 5192865 is divided by 1967.
1952
Calculate the remainder when 407702 is divided by 75.
2
Calculate the remainder when 381405 is divided by 696.
693
What is the remainder when 551525 is divided by 3603?
266
Calculate the remainder when 536014 is divided by 33177.
5182
What is the remainder when 1539064 is divided by 1052?
1040
Calculate the remainder when 133809 is divided by 65623.
2563
What is the remainder when 153350 is divided by 569?
289
Calculate the remainder when 61700 is divided by 770.
100
Calculate the remainder when 226666542 is divided by 62.
60
Calculate the remainder when 5602 is divided by 70.
2
Calculate the remainder when 1162634 is divided by 1008.
410
What is the remainder when 148401 is divided by 1253?
547
Calculate the remainder when 720120 is divided by 13335.
30
What is the remainder when 2923124 is divided by 814?
50
Calculate the remainder when 351318 is divided by 19514.
66
What is the remainder when 18056574 is divided by 83210?
4
What is the remainder when 2311421 is divided by 2952?
5
What is the remainder when 4399797 is divided by 3996?
201
Calculate the remainder when 64447 is divided by 20469.
3040
What is the remainder when 824782 is divided by 53?
49
What is the remainder when 8969318 is divided by 4830?
8
What is the remainder when 19272 is divided by 2271?
1104
What is the remainder when 18086773 is divided by 608?
597
Calculate the remainder when 1129250 is divided by 1118.
70
What is the remainder when 33790495 is divided by 119401?
12
Calculate the remainder when 721294 is divided by 51.
1
What is the remainder when 279273528 is divided by 79?
75
What is the remainder when 20527 is divided by 3938?
837
Calculate the remainder when 8854620 is divided by 52086.
0
Calculate the remainder when 51127 is divided by 886.
625
What is the remainder when 446382 is divided by 446326?
56
Calculate the remainder when 560274 is divided by 4275.
249
Calculate the remainder when 1032949 is divided by 1032929.
20
What is the remainder when 3094176 is divided by 8164?
20
Calculate the remainder when 230763995 is divided by 489.
5
What is the remainder when 444987 is divided by 2609?
1457
Calculate the remainder when 30198 is divided by 5000.
198
Calculate the remainder when 39989407 is divided by 20075.
7
Calculate the remainder when 4002721 is divided by 5801.
31
What is the remainder when 1278782 is divided by 8145?
17
What is the remainder when 38093530 is divided by 595211?
26
What is the remainder when 101902988 is divided by 3513896?
4
What is the remainder when 172022 is divided by 7165?
62
Calculate the remainder when 8329759 is divided by 23936.
31
What is the remainder when 21821 is divided by 21166?
655
What is the remainder when 317719 is divided by 158782?
155
What is the remainder when 45400 is divided by 4021?
1169
What is the remainder when 2980384 is divided by 1490160?
64
Calculate the remainder when 17955706 is divided by 539.
538
What is the remainder when 1130783 is divided by 27579?
44
What is the remainder when 45087 is divided by 1609?
35
What is the remainder when 5358049 is divided by 10589?
15
Calculate the remainder when 147872721 is divided by 91.
87
Calculate the remainder when 266479928 is divided by 7957.
7955
Calculate the remainder when 1228623 is divided by 74.
1
What is the remainder when 325911 is divided by 893?
859
Calculate the remainder when 555609 is divided by 424.
169
What is the remainder when 426629 is divided by 181?
12
Calculate the remainder when 1171557 is divided by 146387.
461
Calculate the remainder when 2322753 is divided by 2322730.
23
Calculate the remainder when 4819071 is divided by 757.
9
What is the remainder when 572380 is divided by 691?
232
Calculate the remainder when 1778212 is divided by 7.
2
What is the remainder when 190962 is divided by 289?
222
What is the remainder when 1989699 is divided by 2982?
705
What is the remainder when 296274 is divided by 2876?
46
What is the remainder when 1097563 is divided by 182926?
7
What is the remainder when 80922428 is divided by 20?
8
What is the remainder when 8286300 is divided by 4143139?
22
Calculate the remainder when 424472 is divided by 325.
22
What is the remainder when 4134679 is divided by 77?
10
Calculate the remainder when 53332 is divided by 6329.
2700
Calculate the remainder when 3515667 is divided by 194.
193
What is the remainder when 305324382 is divided by 400163?
13
What is the remainder when 374738 is divided by 74926?
108
Calculate the remainder when 227358261 is divided by 404.
393
What is the remainder when 154895 is divided by 310?
205
Calculate the remainder when 29936754 is divided by 420.
414
Calculate the remainder when 33051700 is divided by 6610338.
10
What is the remainder when 8167 is divided by 190?
187
Calculate the remainder when 2563810 is divided by 1128.
994
Calculate the remainder when 11291 is divided by 3575.
566
Calculate the remainder when 64818575 is divided by 2384.
2383
What is the remainder when 146041448 is divided by 18?
14
What is the remainder when 14843999 is divided by 7421993?
13
Calculate the remainder when 1586695 is divided by 198330.
55
What is the remainder when 2190 is divided by 747?
696
What is the remainder when 28871101 is divided by 38?
31
Calculate the remainder when 223351 is divided by 13125.
226
What is the remainder when 83798028 is divided by 12605?
12593
Calculate the remainder when 21406861 is divided by 504.
469
Calculate the remainder when 73480 is divided by 2098.
50
Calculate the remainder when 1063885 is divided by 96715.
20
What is the remainder when 903341 is divided by 3844?
1
What is the remainder when 1136381 is divided by 3422?
277
Calculate the remainder when 144139 is divided by 1121.
651
Calculate the remainder when 2565190 is divided by 17.
9
Calculate the remainder when 721491 is divided by 2413.
4
Calculate the remainder when 7156957 is divided by 1956.
1909
What is the remainder when 32547819 is divided by 7?
3
What is the remainder when 43698 is divided by 43283?
415
Calculate the remainder when 17061 is divided by 5463.
672
Calculate the remainder when 17336949 is divided by 29.
24
What is the remainder when 166068 is divided by 2223?
1566
What is the remainder when 80289 is divided by 1280?
929
What is the remainder when 32075 is divided by 6377?
190
Calculate the remainder when 33541641 is divided by 78.
3
What is the remainder when 444935 is divided by 6640?
55
What is the remainder when 5877175 is divided by 1051?
1034
Calculate the remainder when 831322776 is divided by 13.
11
Calculate the remainder when 849517 is divided by 1579.
15
Calculate the remainder when 21031879 is divided by 2066.
2065
What is the remainder when 615707 is divided by 633?
431
What is the remainder when 79379 is divided by 39416?
547
Calculate the remainder when 472286 is divided by 421.
345
Calculate the remainder when 201803594 is divided by 53.
52
What is the remainder when 306557 is divided by 12260?
57
Calculate the remainder when 949506 is divided by 37.
12
What is the remainder when 53357665 is divided by 33?
31
What is the remainder when 75194427 is divided by 307?
303
Calculate the remainder when 11413497 is divided by 17974.
7
What is the remainder when 6292490 is divided by 206?
14
Calculate the remainder when 14531180 is divided by 25184.
12
Calculate the remainder when 3515909 is divided by 1008.
5
What is the remainder when 15688219 is divided by 752?
747
Calculate the remainder when 6554190 is divided by 89.
52
Calculate the remainder when 33045405 is divided by 132.
129
What is the remainder when 10750143 is divided by 1281?
1272
Calculate the remainder when 10235556 is divided by 4888.
84
Calculate the remainder when 25411128 is divided by 80670.
78
Calculate the remainder when 251808 is divided by 2015.
1948
Calculate t